 + -51537?
-46075
In base 12, what is -80712 - 381?
-80a93
In base 16, what is 3f39b9 + -9?
3f39b0
In base 15, what is -23e6b3 + 1?
-23e6b2
In base 8, what is 1103641557 - 14?
1103641543
In base 5, what is 1240400 + 403?
1241303
In base 2, what is 1001110001111110100 - 10001011110?
1001101111110010110
In base 4, what is 323332 + 2111002?
3101000
In base 12, what is -2486505 + -2?
-2486507
In base 2, what is -11011000101110110000101010100 - 100?
-11011000101110110000101011000
In base 12, what is -40699 + 6?
-40693
In base 2, what is 0 + 1011011001001011101000?
1011011001001011101000
In base 16, what is -8f0 - -5b2?
-33e
In base 11, what is 47821 + -4?
47818
In base 4, what is -100202 - 222333112?
-223033320
In base 12, what is 52b904 + 2?
52b906
In base 3, what is -112220212212201012 + -20?
-112220212212201102
In base 8, what is 25670 + -625?
25043
In base 7, what is -232142 - 32511?
-264653
In base 8, what is 126576472 - -5?
126576477
In base 14, what is -39798 + -a9?
-39863
In base 15, what is -103a20 + -e?
-103a2e
In base 13, what is 5 - -2b52c44?
2b52c49
In base 5, what is -24203032 - 1014?
-24204101
In base 14, what is 13 + -c334a?
-c3337
In base 7, what is 342430 + 10026?
352456
In base 14, what is -18 + 145a8?
14590
In base 15, what is 3a + -605a54?
-605a19
In base 14, what is -1 + -4b50b8?
-4b50b9
In base 3, what is -1011112102101020 + -211?
-1011112102102001
In base 8, what is -514264 - 153?
-514437
In base 13, what is -65b800 - 5?
-65b805
In base 6, what is -2 + 21322152120?
21322152114
In base 16, what is b1d5 + -765?
aa70
In base 16, what is -4929d + -14?
-492b1
In base 7, what is 40535 - 253660?
-213122
In base 8, what is 1214645 - 11?
1214634
In base 15, what is -65ea6 - 2?
-65ea8
In base 10, what is -276739 + 46?
-276693
In base 7, what is 55411 + -3236?
52142
In base 8, what is 2350156 - -2?
2350160
In base 15, what is c990 - 1b?
c974
In base 10, what is 106524020 - 3?
106524017
In base 14, what is -1b2520 + -51a?
-1b2a3a
In base 2, what is 1110111101 + -1010101110010?
-1000110110101
In base 5, what is 2 + -40023233304?
-40023233302
In base 14, what is -2b149da + -7?
-2b14a03
In base 7, what is 614 + -6016326?
-6015412
In base 7, what is -35464654 - -435?
-35464216
In base 3, what is -22010 + -101011222110?
-101012021120
In base 11, what is 63188a7 + -8?
631889a
In base 2, what is 10011101011011101000110 - -100?
10011101011011101001010
In base 8, what is -153 + 4340357?
4340204
In base 2, what is 100101011001010000100 - -101?
100101011001010001001
In base 10, what is 71784 + 2940?
74724
In base 5, what is -1011 + -10340414?
-10341430
In base 13, what is 4 + 12a3b85?
12a3b89
In base 7, what is 154012310 - 5?
154012302
In base 15, what is 0 - -10827124?
10827124
In base 9, what is -4 + -21418544?
-21418548
In base 7, what is -2256 - -40421?
35132
In base 6, what is 21215442 + 4123?
21224005
In base 9, what is 348462672 + -3?
348462668
In base 3, what is 112121210 + 122202?
120021112
In base 5, what is 33202030100 - -1?
33202030101
In base 14, what is -8 + 163b357?
163b34d
In base 15, what is -14 - -3ee3ca?
3ee3b6
In base 15, what is 13cc022 + 0?
13cc022
In base 15, what is 97ccc + -10?
97cbc
In base 16, what is -1786f + 13?
-1785c
In base 4, what is -10212233300 + -200?
-10212300100
In base 4, what is 1132332023303 - -200?
1132332030103
In base 6, what is 21022 + -3424154?
-3403132
In base 5, what is 4033421141 + -2?
4033421134
In base 15, what is -7dea62 + 11?
-7dea51
In base 13, what is a8122 - -7c?
a81a1
In base 12, what is -607aa1 - -39?
-607a64
In base 5, what is 120 - -20041214?
20041334
In base 6, what is 534302432 + 0?
534302432
In base 10, what is 10 - 4927523?
-4927513
In base 13, what is 4 + 149354?
149358
In base 7, what is -1510413660 + 5?
-1510413652
In base 6, what is -3520001 - -4213?
-3511344
In base 12, what is 9 - 162abbb8?
-162abbab
In base 11, what is 4821332 + 2?
4821334
In base 7, what is 60315 + 530?
61145
In base 11, what is 1133572 + -115?
1133458
In base 12, what is -54 + 22a9?
2255
In base 9, what is -1870 - -3756?
1776
In base 4, what is 10131103003 + -2131?
10131100212
In base 15, what is 200825eb + 3?
200825ee
In base 14, what is -ba0d9 - 1a?
-ba115
In base 16, what is -adbf - -5f?
-ad60
In base 13, what is -15 - -4671001?
4670cb9
In base 16, what is 41 + 1ce17?
1ce58
In base 14, what is 708424 - -65?
708489
In base 8, what is 4002723 + 7?
4002732
In base 5, what is 1 - 2223230204?
-2223230203
In base 11, what is 10519 + -40a?
1010a
In base 12, what is -18151a36 - a?
-18151a44
In base 10, what is -936 - -1730?
794
In base 6, what is 1020 - 2224232?
-2223212
In base 13, what is -314b0 + 71?
-3143c
In base 12, what is 24 + 8a545?
8a569
In base 15, what is -7 + 5037db6?
5037dae
In base 15, what is c268 + 3c?
c2a5
In base 2, what is -1111011 + 10000100101100110?
10000100011101011
In base 15, what is -6 + -5025b44?
-5025b4a
In base 11, what is -30a6 - -492a7?
46201
In base 2, what is -111010010100011 - -11011001?
-111001111001010
In base 9, what is -232 - 53637?
-53870
In base 10, what is 88376 - 1925?
86451
In base 16, what is 3 - 110dd48?
-110dd45
In base 11, what is -16432731 - 11?
-16432742
In base 11, what is -88 - 27712?
-2779a
In base 11, what is -2342532 - 1?
-2342533
In base 6, what is -21233522 + 33?
-21233445
In base 12, what is -700b999 - -3?
-700b996
In base 5, what is -423 + 1202041?
1201113
In base 15, what is -6ad415 - -2d?
-6ad3d7
In base 2, what is -1000111011110 + -11000111000?
-1100000010110
In base 3, what is 1020202 + 2222121?
11020100
In base 14, what is -1939908b + 4?
-19399087
In base 13, what is -13 - 102b10?
-102b23
In base 5, what is 13 - -22313301141?
22313301204
In base 10, what is 7841 + 338?
8179
In base 13, what is 0 - c59970a?
-c59970a
In base 9, what is -1858277813 - 1?
-1858277814
In base 11, what is 154 + 20374?
20518
In base 9, what is -176358 - 356?
-176725
In base 9, what is -3 + -2060546?
-2060550
In base 4, what is 2001131 + 221120?
2222311
In base 10, what is -129551441 - 5?
-129551446
In base 7, what is -1 - -266114665?
266114664
In base 14, what is -3 - 129b9d0c?
-129b9d11
In base 10, what is 46 - 3113729?
-3113683
In base 5, what is 140111020 + 113?
140111133
In base 7, what is 21300 - -442466?
464066
In base 14, what is 26d0 + 4?
26d4
In base 8, what is -2 + -24541076?
-24541100
In base 6, what is -2203043530 + 4?
-2203043522
In base 14, what is -3a596d23 - 2?
-3a596d25
In base 6, what is -34040 + 403?
-33233
In base 13, what is -9 - 337545?
-337551
In base 10, what is -303 - 34493?
-34796
In base 6, what is 515445102 + 4?
515445110
In base 15, what is -6c175be - 4?
-6c175c3
In base 14, what is 7169cb1 + 2?
7169cb3
In base 6, what is -115231544020 - 3?
-115231544023
In base 13, what is -ab1 - 35495?
-36276
In base 11, what is -53270 + -26?
-53296
In base 2, what is -1001010110100010101101110111 - 1001?
-1001010110100010101110000000
In base 2, what is 1101110101110011100111 + 100?
1101110101110011101011
In base 12, what is 4 - -363b842?
363b846
In base 11, what is 9 + -258985?
-258977
In base 15, what is -1d91 - 12da?
-317b
In base 13, what is -2268197 - -37?
-2268160
In base 7, what is 1513 - -1204313?
1206126
In base 5, what is 2432234 + 203?
2432442
In base 3, what is 11 - -2200102112000?
2200102112011
In base 14, what is 62 - -170a49?
170aab
In base 11, what is 5 - 837928?
-837923
In base 4, what is -12011 - 1113313?
-1131330
In base 14, what is -300bc1 + 36?
-300b89
In base 3, what is -2022011221022 - -1010?
-2022011220012
In base 8, what is -4066 - 5744?
-12032
In base 5, what is 3340333424 - 1122?
3340332302
In base 3, what is 1121220 + 22111010?
101010000
In base 2, what is -101110 - 100111111111001110?
-100111111111111100
In base 9, what is -10 + 483453?
483443
In base 8, what is 3447320 + 107?
3447427
In base 10, what is 9867 + 33?
9900
In base 5, what is 0 - -1302141?
1302141
In base 5, what is 2 + -3431314241?
-3431314234
In base 15, what is 11d516 + 5d?
11d574
In base 4, what is 111 + 200223322300?
200223323011
In base 16, what is -1aab88 + bc?
-1aaacc
In base 5, what is 10 - -1313222230232?
1313222230242
In base 8, what is 2324011 + -17?
2323772
In base 11, what is -137a4880 + -5?
-137a4885
In base 7, what is -41 - 424666?
-425040
In base 6,